0. What is the units digit of l?
2
Suppose 5 = 2*v - 3. Let i be (v/(-10))/((-4)/20). Suppose 0*u - 2*a + 48 = 3*u, -u - i*a = -16. What is the units digit of u?
6
Suppose p + 2*s = 16, -5*p + s + 91 + 44 = 0. What is the units digit of p?
6
Suppose -477 = -5*l + 3*b, 5*l + 3*b - 268 = 185. What is the tens digit of l?
9
Suppose 2*y + 2*b - 15 = -3*y, 0 = -5*b. Suppose 5*r = -3*f - 11 - 5, -y*r - 3 = 4*f. Suppose 0 = -f*l + 4*l - 5. What is the units digit of l?
5
Let m(x) = 33*x. Let c be m(-1). Let v be 6/c - (-70)/22. Suppose -25 = -5*d - 5*b, -6*d + v*b - 8 = -2*d. What is the units digit of d?
1
Let g(j) = 4*j**2 + 10*j + 14. Let x(n) = -7*n**2 - 20*n - 28. Let u(s) = -5*g(s) - 3*x(s). What is the units digit of u(-10)?
4
Let u(w) = 0*w + 2*w - 4*w - 2*w. Let c be u(-1). What is the units digit of 2 - (-2)/(-3 + c)?
4
Let p be 65/25 + 4/10. Suppose 3*k - 5*q - 27 = 0, 4*k - p*k - 10 = 2*q. Suppose 0 = y + 3, -4*y + 31 = k*x - y. What is the tens digit of x?
1
Let k(g) = g**3 - g**2 - 2*g + 15. Let r be 8/(-12) - 4/(-6). What is the tens digit of k(r)?
1
Suppose -6 = 2*g - 34. What is the tens digit of g - (2 + 2 + -3)?
1
Suppose 3*u + 0*u - 393 = 0. What is the tens digit of u?
3
Let r = -27 - -29. What is the units digit of r?
2
Let b(t) = -27*t - 3. What is the units digit of b(-3)?
8
Let u be (-32)/(-56) + 62/14. What is the units digit of -58*(u/(-2) + 2)?
9
Let z = -18 - -63. What is the units digit of z?
5
Let j be -1*46*(-9)/18. Let w = j + 1. What is the units digit of w?
4
Let w(y) = -20*y - 6. What is the units digit of w(-4)?
4
What is the tens digit of (-35)/14*2*(1 + -20)?
9
Let b(t) = -11*t + 14. What is the tens digit of b(-5)?
6
Let a be 6/(-15) - (-3)/(-5). Let x = a + -5. Let o = 13 + x. What is the units digit of o?
7
Suppose 2*o = -2*f + 14, 4*f - 26 = -2*o - o. Suppose 2*b + 5*k + 11 = 0, -o*b - 3*b - 5*k + 10 = 0. What is the units digit of b?
7
Let c = -41 - -64. What is the tens digit of c?
2
Suppose 6*u - 2*u = -32. Let p = -3 - u. Suppose 2*c = -p*v + 38, v + 2 + 8 = 4*c. What is the units digit of v?
6
Let h(b) = b + 5. Let q(v) = v**3 + 6*v**2 + 7*v + 5. Let f be q(-5). Let p be h(f). Let a = p - -2. What is the units digit of a?
2
Let y = 19 + 66. What is the units digit of y?
5
Let k(f) be the second derivative of f**4/6 + f**3/2 - 3*f**2/2 - f. What is the tens digit of k(3)?
2
Let n = 3 - 1. Suppose -k + n = -2. Suppose -q + 60 = k*q. What is the units digit of q?
2
Let j be ((-50)/3 + 1)*-3. Let x = j + -28. What is the tens digit of x?
1
Let n = 3 + -9. Let b = n - -10. What is the units digit of b?
4
Let v(u) = u**3 - 5*u**2 + 4*u + 2. Let o be v(4). Suppose 3*q - 40 = -o*q. What is the units digit of q?
8
Let d = 0 - 12. Let t = -7 - d. Suppose t*j - 13 - 57 = 0. What is the units digit of j?
4
What is the tens digit of (-141)/(-6) - 1 - 21/(-14)?
2
Let f = -1 + -3. Let a be (-4)/18 + f/(-18). What is the tens digit of (-3 + 1)*-10 - a?
2
Let w(m) = -m**2 - 4*m + 7. What is the units digit of w(-5)?
2
Suppose 2*s = 5*r + 25, 4*r = -4*s - 0 + 8. Suppose 2*a - 98 = -s*m, m - 3*m + 2*a + 42 = 0. Suppose -v + 0*v = -m. What is the units digit of v?
0
Let j = -11 + 33. Suppose -4*r + j = -2*h, r + 2*h + 5 = 3. What is the units digit of r?
4
Suppose -2*c - 3*n = 54, -5*n - 20 = c + 7. Let u = -19 - c. What is the units digit of u?
8
Let o = -25 + 50. Let w = o + -1. What is the units digit of w?
4
Let v(p) = -2*p + 2*p**3 - 5*p**3 + 4*p**3 + 5*p**2 - 3. Let d = -8 + 3. What is the units digit of v(d)?
7
What is the units digit of (-147)/(-5) - 20/50?
9
Suppose z = -3*z + 4*h, -2*z + 8 = 2*h. Suppose 3*m = -t + 36, -z*t + 64 = -0*m - 2*m. What is the tens digit of t?
3
Suppose -2*v - v = -51. Let i = -5 + v. What is the tens digit of i?
1
Let g = -2 + 4. Suppose -g*i + 30 = -5*i. Let n = 16 + i. What is the units digit of n?
6
Let m = 7 + -4. Suppose m*p = p + 12. Let i = p + -3. What is the units digit of i?
3
Suppose 284 = 4*p + 48. What is the units digit of p?
9
Suppose -5*c - 5*r + 770 = 0, 3*c + c = -2*r + 618. What is the units digit of c?
5
Let d(g) = -g**2 - 5*g + 8. Let m be d(-6). Suppose b + 0*b + 12 = -m*z, 0 = -4*b + z - 21. Let f(q) = q**2 + 5*q. What is the units digit of f(b)?
6
Suppose -3*y = -14 - 13. What is the units digit of y?
9
Let h(i) = -i**2 + 12*i + 7. What is the units digit of h(9)?
4
Let x = 132 - -17. What is the tens digit of x?
4
Suppose -8 + 208 = 5*q. Suppose -4*i - q = 36. What is the units digit of 1/(-2) - i/2?
9
Suppose 2*o = o - 48. Let q = -29 - o. What is the tens digit of q?
1
What is the units digit of (-28)/12*9/(-3)?
7
Let x = 251 + 45. What is the hundreds digit of x?
2
Let z(l) = 13*l**2 + 2*l + 2. What is the units digit of z(-2)?
0
Suppose -100 = 3*s - 355. What is the tens digit of s?
8
Let i = 17 + -25. Let n = i - -35. What is the units digit of n?
7
Let c = -6 - -11. What is the units digit of c?
5
Suppose 0*l = 3*l - 12. Let x = 23 - 16. Suppose x*f = -l*s + 2*f + 39, 3*f = 3*s - 36. What is the units digit of s?
1
What is the tens digit of (0 - -4) + -10 + 73?
6
What is the hundreds digit of 6/7*(-4 + 123)?
1
Let u be ((-30)/25)/((-4)/10). Suppose 0 = -0*t - u*t - 4*o + 103, 67 = 3*t - 5*o. What is the tens digit of t?
2
Suppose -5*z - 9 = -44. Suppose 0 = -4*v + 20. Let l = z - v. What is the units digit of l?
2
Suppose 4*f + 20 = 3*l - 3, 4*l + 4*f = 12. Let z = l + 12. What is the units digit of z?
7
Let y = -70 - -123. Let w = y - 37. Suppose -5*z + 3*z + w = 0. What is the units digit of z?
8
Suppose -20 = -5*z + 5*w, 1 = w + 4. Suppose g + 3 = -z. Let s(x) = -x + 1. What is the units digit of s(g)?
5
Let i(p) = -8*p + 4. What is the units digit of i(-8)?
8
Let y(k) = 6*k + 1. Let r(q) = -q**2 + 9*q + 13. Let x be 2 + 0 - (-11 + 3). Let b be r(x). What is the units digit of y(b)?
9
Let p be (-3)/(-4 - -1)*1. Let y be -3 + p + 10/1. Suppose -i = 3*m - 8*m + 7, -4*i - y = 0. What is the units digit of m?
1
Let w(y) = 22*y - 6. What is the units digit of w(6)?
6
Let q(s) = -s - 4. Let c be q(-4). Suppose 5*z - z - 32 = c. What is the units digit of z?
8
Let j = 132 - 51. Suppose -j = 4*b - 7*b. What is the tens digit of b?
2
Let o(p) = -1. Let b(d) = d**2 - 6*d + 2. Let g(q) = -b(q) + 4*o(q). Let w be g(4). What is the units digit of 2 + w + -1 + 5?
8
Let d(a) = a**3 - 7*a**2 - 10*a - 11. Let u be d(8). Suppose -g = -4*g - 39. Let c = g - u. What is the units digit of c?
4
Suppose 1 = d, 0 = -a + 2*a + 4*d - 112. What is the hundreds digit of a?
1
Let q(s) = 2*s**2 - 18*s - 25. What is the hundreds digit of q(-6)?
1
What is the tens digit of 170*(2/(-7) + 342/315)?
3
Let s(u) = 2*u**3 - 2*u**2 - 2. Let n be s(2). Suppose 2*g = 18 - n. What is the units digit of g?
6
Suppose -4*n = 4*f - 24, -2*n + 0*n - 2 = -5*f. Suppose -5*b + 13 = 4*p - 0, 3*b = n*p - 5. What is the units digit of b?
1
Let g = 3 + -1. Suppose 5 - 23 = -g*j. What is the units digit of j?
9
What is the units digit of -3 + 1 - -28 - 3?
3
Let a(c) be the first derivative of -c**2 + c - 2. What is the units digit of a(-3)?
7
Suppose 0*l = -l + 10. Let s(q) = -q + 12. What is the units digit of s(l)?
2
Suppose -3*l + 9 = -0. Let v = l - -12. What is the units digit of v?
5
Let j(u) = -2*u**2 + 1. Let o be j(1). Let w(n) = -19*n**3 + 2*n + 1. What is the tens digit of w(o)?
1
Let l = 10 - 6. Suppose 0 = -g - l*g. Suppose -2*s + 31 - 7 = g. What is the units digit of s?
2
Let y be -2 + 5 - 2 - -2. Suppose y*t - 13 = m, 2*m + 23 = 4*t + 3. What is the units digit of t?
3
Suppose 743 = 4*b + 3*d, 0*b - 952 = -5*b + 4*d. What is the tens digit of b?
8
What is the tens digit of (3/2)/((-12)/(-496))?
6
Let a(b) = 5*b**3 - b**2 - b - 1. Suppose 1 - 7 = -3*j. What is the units digit of a(j)?
3
Suppose -32 = -7*w + 3*w - 5*p, 3*w - 43 = p. What is the units digit of w?
3
Suppose 0 = 3*l - 35 - 19. Suppose -17 = 4*t - w, -l = 5*t - 2*w + 1. What is the units digit of 93/15 + 1/t?
6
Suppose 2*v - 12 = 3*f, -2*v - f - 4*f - 4 = 0. Suppose -27 + 81 = v*w. What is the tens digit of w?
1
Let p be (3/(-6))/(3/(-18)). Suppose 0*g + 4*f = p*g - 10, 5*f = -g - 3. What is the units digit of g?
2
Let c be (-3)/(-9)*(6 + 3). Let p(g) = -3 - 1 - c*g + g. What is the units digit of p(-3)?
2
Let l(s) = 12*s**